Is 993 a factor of 876819?
True
Does 38 divide 125185?
False
Does 35 divide 8861720?
True
Is 834 a factor of 4283640?
False
Does 38 divide 507987?
False
Is 557 a factor of 1083365?
True
Is 2407878 a multiple of 99?
True
Is 18 a factor of 122616?
True
Is 536162 a multiple of 28?
False
Is 75 a factor of 1861900?
False
Does 128 divide 450918?
False
Is 1294 a factor of 4987076?
True
Is 274 a factor of 137274?
True
Is 2747199 a multiple of 1131?
True
Is 109 a factor of 21582?
True
Does 1240 divide 1606479?
False
Does 44 divide 713460?
True
Does 54 divide 3981?
False
Is 29 a factor of 40482?
False
Does 64 divide 375232?
True
Does 24 divide 523560?
True
Is 92316 a multiple of 37?
False
Is 43 a factor of 1542736?
False
Is 1013364 a multiple of 377?
False
Does 646 divide 1610478?
True
Is 16 a factor of 6339232?
True
Is 149 a factor of 1724840?
False
Is 1105434 a multiple of 33?
True
Is 26 a factor of 941308?
False
Is 32 a factor of 16146264?
False
Does 9 divide 15426?
True
Does 133 divide 134441?
False
Is 28331 a multiple of 53?
False
Is 11446 a multiple of 97?
True
Is 117483 a multiple of 6?
False
Does 9 divide 469681?
False
Is 305712 a multiple of 36?
True
Is 165 a factor of 1164735?
True
Is 39410 a multiple of 5?
True
Does 21 divide 2015672?
False
Is 35 a factor of 13225?
False
Is 129 a factor of 28251?
True
Is 18331219 a multiple of 29?
True
Is 88875 a multiple of 79?
True
Does 161 divide 708801?
False
Is 4401974 a multiple of 1036?
False
Does 603 divide 1036557?
True
Is 382664 a multiple of 25?
False
Is 5021814 a multiple of 174?
True
Does 175 divide 320950?
True
Does 1282 divide 21231186?
False
Is 18 a factor of 197251?
False
Does 1180 divide 2005892?
False
Does 6 divide 3496822?
False
Is 9 a factor of 4800785?
False
Is 24 a factor of 162414?
False
Does 44 divide 2416974?
False
Is 107231 a multiple of 6?
False
Is 231 a factor of 1274030?
False
Is 262 a factor of 187001?
False
Is 302 a factor of 155115?
False
Is 303548 a multiple of 125?
False
Is 7687813 a multiple of 849?
False
Does 95 divide 101920?
False
Is 8119077 a multiple of 164?
False
Does 22 divide 23045569?
False
Is 33 a factor of 1184997?
True
Is 124 a factor of 8943949?
False
Is 10760400 a multiple of 850?
False
Does 28 divide 7944048?
True
Is 6 a factor of 1286963?
False
Does 87 divide 5494384?
False
Does 36 divide 169308?
True
Is 2760740 a multiple of 20?
True
Does 1013 divide 23419596?
False
Is 258 a factor of 597786?
True
Is 7 a factor of 22556?
False
Is 105 a factor of 102640?
False
Does 87 divide 124932?
True
Is 427 a factor of 436257?
False
Is 15 a factor of 227925?
True
Does 79 divide 96775?
True
Is 157307 a multiple of 12?
False
Is 268645 a multiple of 7?
False
Does 31 divide 11057956?
False
Is 381 a factor of 1420167?
False
Is 11837220 a multiple of 32?
False
Is 194354 a multiple of 35?
False
Does 11 divide 5610?
True
Is 7925247 a multiple of 831?
True
Is 124676 a multiple of 14?
False
Does 20 divide 15920?
True
Is 879890 a multiple of 11?
True
Is 14 a factor of 223902?
True
Does 332 divide 724351?
False
Is 473328 a multiple of 48?
True
Is 1448840 a multiple of 1160?
True
Is 99030 a multiple of 30?
True
Is 2 a factor of 67431?
False
Is 3 a factor of 406857?
True
Is 2791830 a multiple of 5?
True
Is 13 a factor of 146458?
True
Is 57 a factor of 523032?
True
Does 773 divide 7086864?
True
Is 2924 a multiple of 15?
False
Is 6 a factor of 60480?
True
Does 210 divide 35070?
True
Is 53 a factor of 5535042?
False
Does 402 divide 1640964?
True
Does 5 divide 167320?
True
Is 74655 a multiple of 135?
True
Is 4412628 a multiple of 18?
True
Is 106 a factor of 3633706?
False
Is 396035 a multiple of 16?
False
Is 11 a factor of 3026441?
True
Does 14 divide 328122?
False
Does 117 divide 130033?
False
Does 28 divide 706744?
False
Is 136 a factor of 318376?
True
Is 12132 a multiple of 10?
False
Does 8 divide 961952?
True
Does 78 divide 3649158?
False
Does 7 divide 42196?
True
Does 180 divide 108403?
False
Is 17 a factor of 6729203?
False
Does 51 divide 97206?
True
Does 11 divide 925164?
False
Does 12 divide 193341?
False
Is 3142491 a multiple of 363?
True
Does 9 divide 550612?
False
Is 583325 a multiple of 3?
False
Is 23 a factor of 4807?
True
Is 775955 a multiple of 276?
False
Does 11 divide 15920?
False
Is 14 a factor of 329370?
False
Is 56520 a multiple of 72?
True
Is 22 a factor of 44198?
True
Does 17 divide 2221186?
True
Does 7 divide 859159?
True
Is 182130 a multiple of 39?
True
Is 180 a factor of 4530758?
False
Does 57 divide 193143?
False
Does 6 divide 115692?
True
Is 642 a factor of 1663422?
True
Is 1124664 a multiple of 24?
True
Does 20 divide 253695?
False
Does 16 divide 3123992?
False
Does 78 divide 24416?
False
Is 9180816 a multiple of 136?
True
Is 13 a factor of 7521663?
False
Is 265308 a multiple of 7?
False
Is 3 a factor of 1393911?
True
Is 11 a factor of 842798?
True
Is 533 a factor of 254456?
False
Does 14 divide 530054?
True
Is 44 a factor of 6979588?
True
Does 11 divide 488136?
True
Is 405495 a multiple of 38?
False
Is 293784 a multiple of 24?
True
Is 2278845 a multiple of 9?
True
Does 2 divide 863255?
False
Is 5981014 a multiple of 28?
False
Does 4 divide 1365101?
False
Is 866803 a multiple of 352?
False
Is 22984687 a multiple of 42?
False
Is 198 a factor of 319440?
False
Is 177840 a multiple of 18?
True
Is 251400 a multiple of 10?
True
Does 9 divide 138600?
True
Is 6460967 a multiple of 104?
False
Is 26864 a multiple of 6?
False
Does 3 divide 365912?
False
Is 5 a factor of 544945?
True
Does 42 divide 80594?
False
Is 26 a factor of 1466?
False
Is 149806 a multiple of 13?
False
Is 25 a factor of 1119824?
False
Is 486909 a multiple of 31?
False
Is 158775 a multiple of 75?
True
Is 15 a factor of 43635?
True
Is 395100 a multiple of 180?
True
Does 48 divide 598416?
True
Is 61 a factor of 51783?
False
Is 418363 a multiple of 521?
True
Is 134 a factor of 137350?
True
Is 115 a factor of 3040025?
True
Is 124 a factor of 94860?
True
Is 93194 a multiple of 14?
False
Does 11 divide 4455?
True
Does 7 divide 2827372?
False
Does 7 divide 194824?
True
Is 387 a factor of 143964?
True
Does 6 divide 111092?
False
Does 74 divide 317171?
False
Is 23 a factor of 6054272?
False
Is 137333 a multiple of 4?
False
Is 1390289 a multiple of 39?
False
Does 274 divide 633?
False
Is 4606797 a multiple of 13?
True
Does 6 divide 354006?
True
Is 836400 a multiple of 15?
True
Does 337 divide 1128070?
False
Does 67 divide 61506?
True
Is 23071 a multiple of 23?
False
Is 4 a factor of 1209126?
False
Does 32 divide 1405193?
False
Is 19 a factor of 949332?
False
Does 74 divide 122263?
False
Does 160 divide 5505614?
False
Is 32 a factor of 219488?
True
Does 104 divide 6102928?
True
Is 6561153 a multiple of 423?
True
Does 237 divide 1035402?
False
Does 36 divide 19836?
True
Does 1223 divide 3085701?
False
Is 26 a factor of 916292?
True
Is 1856722 a multiple of 303?
False
Does 9 divide 232236?
True
Is 22587374 a multiple of 1613?
False
Does 775 divide 1858450?
True
Is 559615 a multiple of 295?
True
Is 1412687 a multiple of 598?
False
Does 76 divide 4886?
False
Does 47 divide 16685?
True
Is 786276 a multiple of 18?
True
Is 14 a factor of 141582?
True
Is 95190 a multiple of 118?
False
Does 17 divide 309162?
True
Is 82 a factor of 586102?
False
Is 12151744 a multiple of 1684?
True
Does 4 divide 93735?
False
Does 145 divide 121365?
True
Is 2828280 a multiple of 518?
True
Does 5 divide 218267?
False
Is 437406 a multiple of 344?
False
Is 185 a factor of 207709?
False
Is 49360 a multiple of 6?
False
Is 2880724 a multiple of 796?
True
Does 315 divide 496125?
True
Is 3 a factor of 2491?
False
Is 93450 a multiple of 42?
True
Is 44 a factor of 1905332?
True
Is 586 a factor of 10069824?
True
Is 2619648 even?
True
Is 444159 a multiple of 49?
False
Is 57024 a multiple of 108?
True
Does 112 divide 3304560?
True
Is 3064306 a multiple of 658?
True
Is 819811 a multiple of 44?
False
Is 167 a factor of 634266?
True
Is 523 a factor of 2904687?
False
Is 14 a factor of 3888?
False
Is 46 a factor of 95588?
True
Is 2047333 a multiple of 26?
False
Is 49248 a multiple of 12?
True
Is 39 a factor of 38454?
True
Does 16 divide 4512544?
True
Is 353 a factor of 15554722?
False
Is 345292 a multiple of 127?
False
Does 29 divide 49851?
True
Is 2018